hen 2398960 is divided by 7427?
39
What is the remainder when 8742343 is divided by 61?
6
Calculate the remainder when 230036741 is divided by 77.
11
Calculate the remainder when 259227138 is divided by 8456.
2
Calculate the remainder when 360814 is divided by 9495.
4
What is the remainder when 347507 is divided by 38595?
152
What is the remainder when 20577634 is divided by 1870693?
11
Calculate the remainder when 61759 is divided by 644.
579
Calculate the remainder when 52685 is divided by 1909.
1142
What is the remainder when 657381 is divided by 495?
21
Calculate the remainder when 3612285 is divided by 87.
45
What is the remainder when 13759270 is divided by 1719904?
38
What is the remainder when 462800 is divided by 1548?
1496
What is the remainder when 23757 is divided by 9816?
4125
What is the remainder when 107883 is divided by 1066?
217
Calculate the remainder when 2265390 is divided by 10490.
10040
What is the remainder when 96890576 is divided by 46?
40
Calculate the remainder when 67289 is divided by 11126.
533
Calculate the remainder when 235504 is divided by 182.
178
Calculate the remainder when 275416 is divided by 6.
4
What is the remainder when 8823627 is divided by 34200?
27
Calculate the remainder when 1510895458 is divided by 12.
10
Calculate the remainder when 1877064 is divided by 81554.
1322
Calculate the remainder when 624884 is divided by 207565.
2189
What is the remainder when 166767 is divided by 226?
205
Calculate the remainder when 2254159 is divided by 87.
76
Calculate the remainder when 59208616 is divided by 10.
6
What is the remainder when 26620020 is divided by 13309951?
118
Calculate the remainder when 481501 is divided by 119810.
2261
Calculate the remainder when 25161058 is divided by 5032208.
18
What is the remainder when 5470724 is divided by 66?
50
Calculate the remainder when 21413036 is divided by 38.
36
Calculate the remainder when 87243 is divided by 81348.
5895
Calculate the remainder when 27821761 is divided by 4356.
4345
Calculate the remainder when 87407732 is divided by 2773.
2772
Calculate the remainder when 110860878 is divided by 148.
146
What is the remainder when 18313413 is divided by 114?
111
Calculate the remainder when 167549 is divided by 5084.
4861
What is the remainder when 36019523 is divided by 2378?
2335
Calculate the remainder when 6908901 is divided by 4684.
1
What is the remainder when 28141 is divided by 4155?
3211
What is the remainder when 610442 is divided by 1043?
287
What is the remainder when 25536673 is divided by 464303?
8
What is the remainder when 6315224 is divided by 25?
24
What is the remainder when 107908 is divided by 52209?
3490
What is the remainder when 251273867 is divided by 4?
3
Calculate the remainder when 166659 is divided by 13881.
87
Calculate the remainder when 34230 is divided by 54.
48
What is the remainder when 791943 is divided by 87987?
60
What is the remainder when 364652 is divided by 573?
224
Calculate the remainder when 36178500 is divided by 163.
161
Calculate the remainder when 27692 is divided by 694.
626
Calculate the remainder when 192255 is divided by 190441.
1814
Calculate the remainder when 929611 is divided by 360.
91
Calculate the remainder when 114541067 is divided by 72.
11
What is the remainder when 16189939 is divided by 292?
291
What is the remainder when 1047050 is divided by 348859?
473
Calculate the remainder when 179413 is divided by 22365.
493
Calculate the remainder when 235165 is divided by 360.
85
Calculate the remainder when 42382 is divided by 42055.
327
What is the remainder when 1924952 is divided by 565?
562
Calculate the remainder when 582714 is divided by 2512.
2442
Calculate the remainder when 15263886 is divided by 4528.
4526
What is the remainder when 14966946 is divided by 5810?
386
Calculate the remainder when 21056777 is divided by 269.
264
Calculate the remainder when 14293963 is divided by 154.
145
Calculate the remainder when 4126616 is divided by 1031582.
288
What is the remainder when 89363 is divided by 5580?
83
Calculate the remainder when 2936970 is divided by 331.
7
What is the remainder when 19684729 is divided by 762?
745
Calculate the remainder when 751908 is divided by 116.
112
Calculate the remainder when 13556165 is divided by 191.
131
Calculate the remainder when 850763 is divided by 283177.
1232
What is the remainder when 264624 is divided by 733?
11
Calculate the remainder when 60203 is divided by 14582.
1875
Calculate the remainder when 24759883 is divided by 3094982.
27
Calculate the remainder when 43216813 is divided by 36.
1
Calculate the remainder when 274535 is divided by 18302.
5
Calculate the remainder when 3366058 is divided by 75.
58
What is the remainder when 146174 is divided by 103?
17
What is the remainder when 680817 is divided by 314?
65
What is the remainder when 7201437 is divided by 560?
397
Calculate the remainder when 660334 is divided by 938.
920
What is the remainder when 48821687 is divided by 19?
9
What is the remainder when 1485470 is divided by 136?
78
Calculate the remainder when 36983914 is divided by 18491931.
52
What is the remainder when 18958604 is divided by 2106511?
5
What is the remainder when 63939005 is divided by 6608?
6605
What is the remainder when 25125 is divided by 12124?
877
Calculate the remainder when 421899 is divided by 1440.
1419
What is the remainder when 12534 is divided by 515?
174
What is the remainder when 5327534 is divided by 1775790?
164
Calculate the remainder when 41367739 is divided by 1231.
1215
Calculate the remainder when 62017106 is divided by 539279.
21
Calculate the remainder when 44823968 is divided by 735.
728
Calculate the remainder when 11678059 is divided by 21.
1
Calculate the remainder when 676996 is divided by 7515.
646
What is the remainder when 602453 is divided by 111?
56
Calculate the remainder when 301863 is divided by 301825.
38
What is the remainder when 131578 is divided by 1759?
1412
Calculate the remainder when 10753204 is divided by 8887.
8821
What is the remainder when 137427310 is divided by 7049?
6
Calculate the remainder when 3058701 is divided by 530.
71
What is the remainder when 21769748 is divided by 328?
60
What is the remainder when 298863 is divided by 27161?
92
What is the remainder when 78746 is divided by 15743?
31
What is the remainder when 242328 is divided by 138?
0
What is the remainder when 30890 is divided by 5080?
410
Calculate the remainder when 7501394 is divided by 25.
19
What is the remainder when 28923780 is divided by 217472?
4
What is the remainder when 19381 is divided by 2219?
1629
Calculate the remainder when 67809 is divided by 16047.
3621
What is the remainder when 662310 is divided by 424?
22
Calculate the remainder when 2225704 is divided by 2789.
82
What is the remainder when 1289150 is divided by 11613?
107
What is the remainder when 6025866 is divided by 3016?
2914
What is the remainder when 11428620 is divided by 43?
37
Calculate the remainder when 1368 is divided by 1203.
165
What is the remainder when 4975965 is divided by 26752?
93
What is the remainder when 127450 is divided by 1187?
441
Calculate the remainder when 2852351 is divided by 60.
11
Calculate the remainder when 2727737 is divided by 316.
25
What is the remainder when 1123020 is divided by 62384?
108
What is the remainder when 4290676 is divided by 67?
63
What is the remainder when 38542257 is divided by 5750?
7
What is the remainder when 59549760 is divided by 6526?
10
What is the remainder when 9527989 is divided by 253?
9
What is the remainder when 2616949 is divided by 70?
69
What is the remainder when 4911159 is divided by 237?
45
What is the remainder when 1297440 is divided by 559?
1
What is the remainder when 28867641 is divided by 31412?
13
What is the remainder when 10986 is divided by 982?
184
Calculate the remainder when 1270182 is divided by 11441.
231
Calculate the remainder when 73589007 is divided by 8.
7
What is the remainder when 67480 is divided by 917?
539
Calculate the remainder when 771746 is divided by 3140.
2446
Calculate the remainder when 111790 is divided by 200.
190
Calculate the remainder when 15810709 is divided by 13.
5
What is the remainder when 326272 is divided b